(t).
-9
Let m(h) be the second derivative of -h**4/12 + 7*h**3/6 + 23*h**2 + 103*h + 5. Give m(-7).
-52
Let x(o) = 30 + 35 - 68 - 8*o. Let j(i) = 2*i. Let c(r) = 3*j(r) + x(r). Let q be (-2)/9 - (-96)/(-54). Determine c(q).
1
Let y be 1/(1*2/(-10)). Let j(m) = -5*m + 11377*m**2 - 22757*m**2 - 1 + 11379*m**2. Give j(y).
-1
Let u(w) = w**2 - 10. Let d be ((-99)/(-66))/(3/(-6)). Determine u(d).
-1
Let y(i) = 133*i**2 - 61*i - 75. Let x(s) = -53*s**2 + 30*s + 37. Let z(v) = -5*x(v) - 2*y(v). Give z(-27).
-8
Let q(s) be the first derivative of 4*s**3 + s**2/2 + s - 634. Give q(-1).
12
Let q(r) = -22*r + 40*r**2 + 113 - 77 - 82*r**2 + 43*r**2 - 82. Determine q(24).
2
Let a(o) = 0 + 2*o + 4*o**2 - 3 + 4. Suppose -13 = -u + 2*i, -5*i + 2*i - 7 = u. Suppose 32 - 42 = u*p. What is a(p)?
13
Let o(v) = v**3 + 6*v**2 + 4*v. Let g(d) = -7*d**2 + 80*d + 12. Let a be g(11). Let j = a - 50. Give o(j).
5
Let o(c) = -8*c + 14*c - 15*c - 16*c + 35*c - 13*c - 2. Let x = 19 - 4. Suppose x = 8*s - 3*s. What is o(s)?
-11
Let w(x) = -x**3 + 7*x**2 - 1. Suppose 101*b - 106*b = -30. Let f be ((-63)/18)/((-3)/b). Determine w(f).
-1
Let d(p) = -2*p**3 - 13*p**2 - 10*p - 16. Let l be d(-6). Let z(q) = 11*q - 28 + 38 + q**2 - l. Give z(-10).
-8
Let m(p) = -5*p - 594 - p**3 - 2*p**2 + p - p**2 + 593. Give m(-3).
11
Let j(g) = g**3 - g - 4. Let c(i) be the third derivative of i**5/60 - i**4/24 + i**3/6 + 2*i**2 - 14. Let o(q) = -2*c(q) - j(q). Calculate o(-4).
22
Let g(d) = 2*d**3 - 31*d**2 - 15*d - 99. Let b(p) = 4*p**3 - 62*p**2 - 31*p - 164. Let v(i) = 4*b(i) - 7*g(i). Calculate v(16).
-11
Let c = -118 - -32. Let q = 408 + c. Let o(b) = -q - b + 322. Calculate o(-5).
5
Let x(t) be the third derivative of 2*t**4/3 + 32*t**3/3 - 662*t**2. Determine x(-5).
-16
Suppose 8 = z - 3*q, 2*z = -3*q - 1 - 10. Let f(l) = 8 + 30*l**2 - 8 - 3943*l + 3943*l. Determine f(z).
30
Let o(x) = x**2 - 6*x - 8. Let g be (7 + 9)*(1/2 + 0). Let s be 7/((-140)/g) - (-32)/5. Calculate o(s).
-8
Let p(o) = o**2 - 13*o + 16. Let k(v) = -98*v - 686. Let t be k(-7). Give p(t).
16
Let u(q) = -q**2 - 13*q + 2. Suppose p = -3*m + 5 - 21, -3*p - 18 = 4*m. Calculate u(m).
44
Let h(y) = -3*y - 2. Let q(w) = 2 - 8 + 5 - w. Let a(u) = -h(u) + 4*q(u). Calculate a(-9).
7
Let c(p) = -7*p**3 + 41*p**2 + 7*p - 6. Let a = -707 - -718. Let q(f) = -14*f**3 + 75*f**2 + 13*f - 11. Let r(b) = a*c(b) - 6*q(b). What is r(1)?
7
Let i(o) = o**3 + 17*o**2 - 19*o - 14. Suppose 0 = -40*x + 44*x - 176. Suppose 8*z + 188 - x = 0. What is i(z)?
4
Let r be 4/12 + (-21)/9. Let k(l) = 1. Let f(z) be the first derivative of z**3/3 + z**2/2 - 13. Let p(q) = r*k(q) + f(q). Calculate p(2).
4
Let d(k) = 13*k**3 - k + 1. Suppose 15 - 15 = -7*h. Let a be (-5)/10 - (6/(-4) - h). What is d(a)?
13
Let o(q) = -27*q**3 - 7*q + 5998 + 28*q**3 + 14*q - 10*q**2 + 9*q - 5994. Calculate o(8).
4
Let u(d) = d**3 - 5*d**2 - 5*d + 4. Let p = -14 - -19. Let f(v) = p*v**2 + 3*v + 11 + 3*v - 5*v + 4*v**3 - 3*v**3. Let o be f(-5). Calculate u(o).
10
Suppose -d = m + 2 + 6, 3*d + 2*m + 19 = 0. Let k = d + 2. Let x(j) = 2*j + 12*j**2 - 2 - 7*j**2 + 3 + j**2 - 2*j**2. Give x(k).
3
Let k(c) be the third derivative of c**5/30 - 19*c**4/24 + 7*c**3/2 - 1736*c**2. What is k(8)?
-3
Let f(y) be the first derivative of 10*y**3/3 - 1606. Suppose b = -b - 2*q + 6, -q = 3*b - 5. Determine f(b).
10
Let v(x) = 17*x - 11. Let p(q) = 8 - 26*q + 14 - 6. Suppose -3*b - 3*g = -24, -29*b + 30*b - 3*g = 4. Let t(u) = b*v(u) + 5*p(u). Give t(2).
-19
Let c(j) = -3*j**2 - 5*j + 3. Suppose -2*a + 12 = f, -3*a - 4*f - f + 32 = 0. Let d be (a/(-5))/((-16)/(-80)). Determine c(d).
-25
Suppose 11*o - 70 = -5*j + 10*o, -j - 5 = 4*o. Let f be -15*((-1)/4)/(j/(-20)). Let y(n) = -n + 2. What is y(f)?
7
Let h(i) = -6*i + 20 + 67*i**3 + 32*i**2 + 30*i**2 - 70*i**2 - 68*i**3. What is h(-7)?
13
Let j = 38 - 22. Suppose -j + 0 = -4*h. Suppose 45 = -h*w + 13*w. Let o(s) = s**3 - 5*s**2 + s + 4. Determine o(w).
9
Let p(q) = 130557*q**3 - 9*q**2 + 4*q - 130556*q**3 - 17*q + 7. Determine p(11).
106
Let j be 4*(-6)/4*4/(-12). Suppose -j*t + 3*d - 6 = -d, 0 = 5*t + 4*d + 1. Let f(l) be the first derivative of -7*l**3/3 + l**2 + l + 1. Determine f(t).
-8
Let c(n) = n + 6. Let v be c(-7). Let m(p) = -8*p**2 + 3*p - 1. Suppose 6 = 12*g - 42. Let x(k) = -17*k**2 + 7*k - 2. Let a(o) = g*x(o) - 9*m(o). What is a(v)?
4
Let o(u) = -2*u**3 - 16*u**2 - 118. Let q(s) = -s**3 - 9*s**2 - 55. Let r(h) = -6*o(h) + 13*q(h). Determine r(-21).
-7
Suppose 0 = -p + 2*p. Suppose 12 = -14*w + 20*w. Let u(t) = -4*t**2 + 2 + 18*t**2 - 13*t**w. Calculate u(p).
2
Let y = 46782 - 46783. Let g(b) = 2*b**3 + 4*b**2 + 5*b + 4. Let z(l) = 3*l**3 + 5*l**2 + 6*l + 5. Let h(t) = -5*g(t) + 4*z(t). What is h(y)?
-1
Let b(c) = c - 14. Let u(d) = -d + 14. Let x(t) = -6*t**3 - 4*t**2 - 4*t - 2. Let z be x(-1). Let k(l) = z*b(l) + 3*u(l). Give k(17).
3
Let f(g) be the first derivative of g**4/4 + 5*g**3/3 + 134803. Let u(h) = -h**2 - 4*h. Let p be u(-5). Determine f(p).
0
Let v(o) = 3*o**3 - 28*o**2 + o + 72. Let y be (1419/387)/((-11)/(-27)). Calculate v(y).
0
Let i be (-704)/((-20)/5) - (2 + 1). Let y(t) = -1 - i*t**2 + 175*t**2 - t - t. Give y(-1).
3
Let v be 1/(-3)*(-157 + 166). Let f(y) be the third derivative of y**5/60 + y**4/6 + y**3/6 + 3*y**2. Give f(v).
-2
Let x(q) be the first derivative of q**4/2 + 16*q**3/3 + 13*q**2/2 + 6*q + 4014. What is x(-7)?
13
Let f = 331 + -625. Let v = f - -295. Let q(p) be the second derivative of -p**4/12 + p**3/3 + p. What is q(v)?
1
Let a(p) = 5*p**2 - 24*p - 8. Let k = 11258 + -11253. Calculate a(k).
-3
Let q(u) = -u - 7. Let g = -162 + 158. Let i be -3*(3 + 24/(-9)) + g. Calculate q(i).
-2
Let u be 7/(-49) + ((1 + 0)/(-7))/(-1). Let w(c) = 11*c**2 + 7*c + 36. Let b(h) = 5*h**2 + 3*h + 18. Let p(o) = -9*b(o) + 4*w(o). Determine p(u).
-18
Let y = 61 + -64. Let t be (-3)/(-12)*-3*-4. Let g(a) = -3*a + 4*a**t + 5*a - 2*a**2 - 3*a**3 + 5*a**2. Give g(y).
-6
Let d(h) = -44*h - 841. Let m be d(-19). Let p(q) = q - 19. Give p(m).
-24
Let o(k) = -3 - 9 - 1272*k + 2550*k - 1279*k. Suppose -2*u = -u - 18. Suppose j + 5*w + 0*w + u = 0, 5*w = 3*j + 14. Give o(j).
-4
Let m(y) = -9*y + 5. Let l be -1 + 5/5 - 3. Let j be -3*l/(-9)*-4. Determine m(j).
-31
Let z(c) = c - 12. Let a be z(17). Let q(r) = 12*r - 47. What is q(a)?
13
Let o(a) = -2*a**2 - 635*a - 1901. Let d be o(-3). Let f(t) = -t**3 - 16*t**2 - 28*t + 6. Determine f(d).
6
Let u(o) be the third derivative of -o**5/60 + 3*o**3/2 - 1551*o**2. Determine u(8).
-55
Let j(m) = m**2 + 103*m + 1011. Let r be j(-11). Let u(p) = -43*p - 28. What is u(r)?
15
Suppose 7 + 33 = 4*q. Let i(k) = 0*k + 3 - 4 - q*k + 9*k. Calculate i(-8).
7
Suppose -73*g + 71*g + 4 = 0. Let w(n) = -33*n**2 + n**3 + 17 + 33*n**g - n. What is w(0)?
17
Let a be (-19 - (-528)/28) + (-220)/28. Let w(d) = -2*d**2 - 9*d - 27. Determine w(a).
-83
Suppose -2 = -2*o - o + 4*o. Let n(z) = z**3 - 2*z**2 - 7*z - 5. Calculate n(o).
-7
Let m(x) = 3*x + 1. Let w be m(5). Let u = 10 - w. Let y(o) = -18*o + 494. Let n(l) = 21*l - 570. Let v(c) = 13*n(c) + 15*y(c). What is v(u)?
-18
Let f(d) = d**2 - 4*d + 2. Let c = -3307 + 3307. Determine f(c).
2
Let j(r) = 4*r + 629. Let o(h) = -10*h - 1635. Let y(l) = 26*j(l) + 10*o(l). Let x(w) = -w + 2. Let u be x(5). Determine y(u).
-8
Let i(o) = -14*o + 8. Suppose -229*q + 231*q = -6. Give i(q).
50
Let x(m) = -5*m + 10. Let r be 6/9 - 3/((-36)/472). Suppose -2*n = 3*n - r. Calculate x(n).
-30
Let f(l) = 2*l**2 + 2*l - 9. Let n = 5539 - 5543. Give f(n).
15
Suppose 3*p + 2*m = -0*p + 145, 4*p - 178 = 5*m. Suppose -15 + p = 16*y. Suppose 4*f = -y*t - 32, f = 3*t + 4 + 2. Let u(x) = -x - 1. Calculate u(f).
5
Let b(h) = 3*h**3 - 3*h**2 - 8*h - 4. Let w be b(4). Suppose 5*t - 7*t + w = 0. Let i(q) = 51 - t + 0*q - q. Calculate i(4).
-7
Let d(i) = 480*i + 492*i - 1447*i - 66 + 489*i. Calculate d(4).
-10
Let p(v) = 2*v**2 + 1908*v + 86983. Let n be p(-48). Let s(o) = -o**2 + 6*o - 7. Let m(z) = -z. Let b(a) = 2*m(a) - s(a). Determine b(n).
0
Let a(n) be the first derivative of -n**4/4 + n**3 + 5*n**2 - 4*n + 494. Give a(5).
-4
Let o(x) = 2*x - 33. Suppose -14 = -8*f + 106. Suppose -13*l = f*l - 392. Calculate o(l).
-5
Let g be (-1)/((-880)/120 + 7). Let k(f) = -7*f + 5